{"id":39,"date":"2020-12-17T12:37:32","date_gmt":"2020-12-17T11:37:32","guid":{"rendered":"https:\/\/fearghalmccartan.com\/?page_id=39"},"modified":"2021-09-28T21:44:05","modified_gmt":"2021-09-28T19:44:05","slug":"performances","status":"publish","type":"page","link":"https:\/\/fearghalmccartan.com\/index.php\/performances\/","title":{"rendered":"Repr\u00e9sentations \/ Performances"},"content":{"rendered":"<p>Ecoutez l&#8217;\u00e9mission <em>L&#8217;Echapp\u00e9e belle en musique<\/em>, enregistr\u00e9e en direct le 8 juin 2021 de 14h \u00e0 15h sur la cha\u00eene nationale RCF. Elle est d\u00e9di\u00e9e au travail de Fearghal ainsi que celui de Tim O&#8217; Connor: <a href=\"https:\/\/rcf.fr\/culture-et-societe\/lechappee-belle-en-musique?episode=1735\">https:\/\/rcf.fr\/culture-et-societe\/lechappee-belle-en-musique?episode=1735<\/a><\/p>\n\n\n<p class=\"has-text-color\" style=\"color:#81ed8a\">Listen to the radio proramme <em>L&#8217;Echapp\u00e9e belle en musique<\/em>, recorded live on the 8th of June 2021 between 2 and 3pm on the national radio station RCF. It focuses on Fearghal&#8217;s as well as Tim O&#8217; Connor&#8217;s work: <a href=\"https:\/\/rcf.fr\/culture-et-societe\/lechappee-belle-en-musique?episode=1735\">https:\/\/rcf.fr\/culture-et-societe\/lechappee-belle-en-musique?episode=1735<\/a><\/p>\n\n\n\n<p>Fearghal organise r\u00e9guli\u00e8rement des concerts et des animations aupr\u00e8s de ch\u00e2teaux, d&#8217;\u00e9glises, de mus\u00e9es, de galeries d&#8217;art, d&#8217;offices de tourisme, de restaurants, de caf\u00e9s, d&#8217;EHPADs&#8230; et \u00e9galement en plein air ou m\u00eame dans des grottes! Voici des exemples d&#8217;endroits o\u00f9 Fearghal s&#8217;est d\u00e9j\u00e0 produit:<\/p>\n\n\n\n<p class=\"has-text-color\" style=\"color:#81ed8a\">Fearghal regularly organises concerts and events in castles, churches, museums, art galleries, tourist information centres, restaurants, caf\u00e9s, care homes&#8230; sometimes outdoors or even in caves! Here are a few examples of places where Fearghal has performed:<\/p>\n\n\n\n<p class=\"has-text-align-center\"><strong>Angleterre<\/strong>\/<strong>England<\/strong><br>The Ashmolean Museum, Oxford<br>Tewkesbury Abbey, Tewkesbury<\/p>\n\n\n\n<p class=\"has-text-align-center\"><strong>Ecosse<\/strong>\/<strong>Scotland<\/strong><br>Edinburgh Castle, Edinburgh<br>The Irish Embassy, Edinburgh<br>Marischal College, Aberdeen<br>King&#8217;s College Chapel, Aberdeen<br>The Music Hall, Aberdeen<br>St Andrew&#8217;s Cathedral, Aberdeen<br>Crathes Castle, Banchory<br>St Magnus Cathedral, Orkney<br>St Andrew&#8217;s Cathedral, Inverness<br>Le sommet de Lochnagar, Grampians (!)<\/p>\n\n\n\n<figure class=\"wp-block-gallery columns-1 is-cropped wp-block-gallery-1 is-layout-flex wp-block-gallery-is-layout-flex\"><ul class=\"blocks-gallery-grid\"><li class=\"blocks-gallery-item\"><figure><img loading=\"lazy\" decoding=\"async\" width=\"1024\" height=\"680\" src=\"https:\/\/fearghalmccartan.com\/wp-content\/uploads\/2020\/12\/Promotional-Photo-Fearghal-McCartan-3-1024x680.jpg\" alt=\"\" data-id=\"164\" data-full-url=\"https:\/\/fearghalmccartan.com\/wp-content\/uploads\/2020\/12\/Promotional-Photo-Fearghal-McCartan-3.jpg\" data-link=\"https:\/\/fearghalmccartan.com\/index.php\/concerts\/promotional-photo-fearghal-mccartan-3\/\" class=\"wp-image-164\" srcset=\"https:\/\/fearghalmccartan.com\/wp-content\/uploads\/2020\/12\/Promotional-Photo-Fearghal-McCartan-3-1024x680.jpg 1024w, https:\/\/fearghalmccartan.com\/wp-content\/uploads\/2020\/12\/Promotional-Photo-Fearghal-McCartan-3-300x199.jpg 300w, https:\/\/fearghalmccartan.com\/wp-content\/uploads\/2020\/12\/Promotional-Photo-Fearghal-McCartan-3-768x510.jpg 768w, https:\/\/fearghalmccartan.com\/wp-content\/uploads\/2020\/12\/Promotional-Photo-Fearghal-McCartan-3.jpg 1466w\" sizes=\"(max-width: 1024px) 100vw, 1024px\" \/><\/figure><\/li><\/ul><\/figure>\n\n\n\n<p class=\"has-text-align-center\"><strong>France<\/strong><br>Cath\u00e9drale de Rouen, Rouen<br>Les Remparts de Saint-Malo, Saint-Malo<br>Mus\u00e9e des Beaux Arts de Chamb\u00e9ry, Chamb\u00e9ry<br>Les Charmettes (Maison de Jean-Jacques Rousseau), Chamb\u00e9ry<br>Ch\u00e2teau de Servolex, La Motte-Servolex<br>Sanctuaire Notre-Dame de Myans, Myans<br>Ferme de Bressieux, Bassens<br>Mus\u00e9e de l&#8217;Ours des Cavernes, Entremont-le-Vieux<br>Galerie Ruffieux-Bril, Chamb\u00e9ry<br>Grottes de la Balme, La Balme-les-Grottes<br>Belv\u00e9d\u00e8re d&#8217;Ontex, Ontex<br>Eglise St Laurent \u00e0 Sardi\u00e8res, Commune de Val-Cenis<\/p>\n\n\n\n<p class=\"has-text-align-center\"><strong>Irlande<\/strong>\/<strong>Ireland<\/strong><br>Stormont Parliament Buildings, Belfast area<br>Hillsborough Castle, Hillsborough<br>Ballygally Castle, Ballygally<br>The Waterfront Hall, Belfast<br>Slieve Donard Hotel, Newcastle<br>Ghan House, Carlingford<br>La Chauss\u00e9e des G\u00e9ants\/The Giant&#8217;s Causeway<br>Aillwee Cave, Ballyvaughan<\/p>\n\n\n\n<p class=\"has-text-align-center\"><strong>Pays de Galles\/Wales<\/strong><br>Carreg Cennen Castle, Llandello<\/p>\n\n\n\n<figure class=\"wp-block-gallery columns-1 is-cropped wp-block-gallery-2 is-layout-flex wp-block-gallery-is-layout-flex\"><ul class=\"blocks-gallery-grid\"><li class=\"blocks-gallery-item\"><figure><img loading=\"lazy\" decoding=\"async\" width=\"1024\" height=\"768\" src=\"https:\/\/fearghalmccartan.com\/wp-content\/uploads\/2020\/12\/Fearghals-Harp-1-1024x768.jpg\" alt=\"\" data-id=\"165\" data-full-url=\"https:\/\/fearghalmccartan.com\/wp-content\/uploads\/2020\/12\/Fearghals-Harp-1.jpg\" data-link=\"https:\/\/fearghalmccartan.com\/index.php\/concerts\/fearghals-harp-1\/\" class=\"wp-image-165\" srcset=\"https:\/\/fearghalmccartan.com\/wp-content\/uploads\/2020\/12\/Fearghals-Harp-1-1024x768.jpg 1024w, https:\/\/fearghalmccartan.com\/wp-content\/uploads\/2020\/12\/Fearghals-Harp-1-300x225.jpg 300w, https:\/\/fearghalmccartan.com\/wp-content\/uploads\/2020\/12\/Fearghals-Harp-1-768x576.jpg 768w, https:\/\/fearghalmccartan.com\/wp-content\/uploads\/2020\/12\/Fearghals-Harp-1-1536x1152.jpg 1536w, https:\/\/fearghalmccartan.com\/wp-content\/uploads\/2020\/12\/Fearghals-Harp-1-1600x1200.jpg 1600w, https:\/\/fearghalmccartan.com\/wp-content\/uploads\/2020\/12\/Fearghals-Harp-1.jpg 1632w\" sizes=\"(max-width: 1024px) 100vw, 1024px\" \/><\/figure><\/li><\/ul><\/figure>\n\n\n\n<p><br><\/p>\n\n\n\n<p><br><br><\/p>\n","protected":false},"excerpt":{"rendered":"<p>Ecoutez l&#8217;\u00e9mission L&#8217;Echapp\u00e9e belle en musique, enregistr\u00e9e en direct le 8 juin 2021 de 14h \u00e0 15h sur la cha\u00eene&hellip;<\/p>\n","protected":false},"author":1,"featured_media":0,"parent":0,"menu_order":0,"comment_status":"closed","ping_status":"closed","template":"","meta":{"footnotes":""},"_links":{"self":[{"href":"https:\/\/fearghalmccartan.com\/index.php\/wp-json\/wp\/v2\/pages\/39"}],"collection":[{"href":"https:\/\/fearghalmccartan.com\/index.php\/wp-json\/wp\/v2\/pages"}],"about":[{"href":"https:\/\/fearghalmccartan.com\/index.php\/wp-json\/wp\/v2\/types\/page"}],"author":[{"embeddable":true,"href":"https:\/\/fearghalmccartan.com\/index.php\/wp-json\/wp\/v2\/users\/1"}],"replies":[{"embeddable":true,"href":"https:\/\/fearghalmccartan.com\/index.php\/wp-json\/wp\/v2\/comments?post=39"}],"version-history":[{"count":24,"href":"https:\/\/fearghalmccartan.com\/index.php\/wp-json\/wp\/v2\/pages\/39\/revisions"}],"predecessor-version":[{"id":258,"href":"https:\/\/fearghalmccartan.com\/index.php\/wp-json\/wp\/v2\/pages\/39\/revisions\/258"}],"wp:attachment":[{"href":"https:\/\/fearghalmccartan.com\/index.php\/wp-json\/wp\/v2\/media?parent=39"}],"curies":[{"name":"wp","href":"https:\/\/api.w.org\/{rel}","templated":true}]}}